{"id":2,"date":"2025-03-12T12:23:57","date_gmt":"2025-03-12T17:23:57","guid":{"rendered":"https:\/\/jhonherrera.mueblesyvitrinas.com\/?page_id=2"},"modified":"2025-03-14T16:27:05","modified_gmt":"2025-03-14T21:27:05","slug":"pagina-ejemplo","status":"publish","type":"page","link":"https:\/\/jhonherrera.mueblesyvitrinas.com\/","title":{"rendered":"INICIO"},"content":{"rendered":"\t\t<div data-elementor-type=\"wp-page\" data-elementor-id=\"2\" class=\"elementor elementor-2\">\n\t\t\t\t<div class=\"elementor-element elementor-element-b72e137 e-flex e-con-boxed e-con e-parent\" data-id=\"b72e137\" data-element_type=\"container\" data-settings=\"{&quot;background_background&quot;:&quot;classic&quot;}\">\n\t\t\t\t\t<div class=\"e-con-inner\">\n\t\t<div class=\"elementor-element elementor-element-3e26970 e-con-full e-flex e-con e-child\" data-id=\"3e26970\" data-element_type=\"container\" data-settings=\"{&quot;background_background&quot;:&quot;classic&quot;}\">\n\t\t\t\t<div class=\"elementor-element elementor-element-98962f8 elementor-widget elementor-widget-image\" data-id=\"98962f8\" data-element_type=\"widget\" data-widget_type=\"image.default\">\n\t\t\t\t<div class=\"elementor-widget-container\">\n\t\t\t\t\t\t\t\t\t\t\t\t\t\t\t<img fetchpriority=\"high\" decoding=\"async\" width=\"895\" height=\"1024\" src=\"https:\/\/jhonherrera.mueblesyvitrinas.com\/wp-content\/uploads\/2025\/03\/TARJETA-CLAUDDIA-2-895x1024-1.png\" class=\"attachment-full size-full wp-image-15\" alt=\"\" srcset=\"https:\/\/jhonherrera.mueblesyvitrinas.com\/wp-content\/uploads\/2025\/03\/TARJETA-CLAUDDIA-2-895x1024-1.png 895w, https:\/\/jhonherrera.mueblesyvitrinas.com\/wp-content\/uploads\/2025\/03\/TARJETA-CLAUDDIA-2-895x1024-1-262x300.png 262w, https:\/\/jhonherrera.mueblesyvitrinas.com\/wp-content\/uploads\/2025\/03\/TARJETA-CLAUDDIA-2-895x1024-1-768x879.png 768w\" sizes=\"(max-width: 895px) 100vw, 895px\" \/>\t\t\t\t\t\t\t\t\t\t\t\t\t\t\t<\/div>\n\t\t\t\t<\/div>\n\t\t\t\t<\/div>\n\t\t<div class=\"elementor-element elementor-element-3530277 e-con-full e-flex e-con e-child\" data-id=\"3530277\" data-element_type=\"container\">\n\t\t\t\t<div class=\"elementor-element elementor-element-5102ccd elementor-widget elementor-widget-heading\" data-id=\"5102ccd\" data-element_type=\"widget\" data-widget_type=\"heading.default\">\n\t\t\t\t<div class=\"elementor-widget-container\">\n\t\t\t\t\t<h2 class=\"elementor-heading-title elementor-size-default\">JHON HERRERA<\/h2>\t\t\t\t<\/div>\n\t\t\t\t<\/div>\n\t\t\t\t<div class=\"elementor-element elementor-element-78c2a70 elementor-widget elementor-widget-text-editor\" data-id=\"78c2a70\" data-element_type=\"widget\" data-widget_type=\"text-editor.default\">\n\t\t\t\t<div class=\"elementor-widget-container\">\n\t\t\t\t\t\t\t\t\t<h2 style=\"text-align: center;\"><span style=\"color: #808080;\">Gerente Comercial<\/span><\/h2>\n<p style=\"text-align: center;\">Fabricaci\u00f3n de mobiliario,&nbsp; Trabajamos para grandes superficies precios especiales para licitaciones<\/p>\t\t\t\t\t\t\t\t<\/div>\n\t\t\t\t<\/div>\n\t\t<div class=\"elementor-element elementor-element-55f2eaf e-con-full e-grid e-con e-child\" data-id=\"55f2eaf\" data-element_type=\"container\" data-settings=\"{&quot;background_background&quot;:&quot;classic&quot;}\">\n\t\t\t\t<div class=\"elementor-element elementor-element-b591a9d elementor-widget elementor-widget-image\" data-id=\"b591a9d\" data-element_type=\"widget\" data-widget_type=\"image.default\">\n\t\t\t\t<div class=\"elementor-widget-container\">\n\t\t\t\t\t\t\t\t\t\t\t\t<figure class=\"wp-caption\">\n\t\t\t\t\t\t\t\t\t\t\t<a href=\"https:\/\/api.whatsapp.com\/send?phone=573138538300&#038;text=Hola%2C%20deseo%20informaci%C3%B3n%20de%20sus%20productos%3A%20\">\n\t\t\t\t\t\t\t<img decoding=\"async\" width=\"150\" height=\"150\" src=\"https:\/\/jhonherrera.mueblesyvitrinas.com\/wp-content\/uploads\/2025\/03\/whatsapp-1-1-150x150.png\" class=\"attachment-thumbnail size-thumbnail wp-image-36\" alt=\"\" srcset=\"https:\/\/jhonherrera.mueblesyvitrinas.com\/wp-content\/uploads\/2025\/03\/whatsapp-1-1-150x150.png 150w, https:\/\/jhonherrera.mueblesyvitrinas.com\/wp-content\/uploads\/2025\/03\/whatsapp-1-1-300x300.png 300w, https:\/\/jhonherrera.mueblesyvitrinas.com\/wp-content\/uploads\/2025\/03\/elementor\/thumbs\/whatsapp-1-1-r2rfoko1sk1b6xwew04lzuei3dot3e3l1hx41s5bh4.png 60w, https:\/\/jhonherrera.mueblesyvitrinas.com\/wp-content\/uploads\/2025\/03\/whatsapp-1-1.png 512w\" sizes=\"(max-width: 150px) 100vw, 150px\" \/>\t\t\t\t\t\t\t\t<\/a>\n\t\t\t\t\t\t\t\t\t\t\t<figcaption class=\"widget-image-caption wp-caption-text\">WhatsApp<\/figcaption>\n\t\t\t\t\t\t\t\t\t\t<\/figure>\n\t\t\t\t\t\t\t\t\t<\/div>\n\t\t\t\t<\/div>\n\t\t\t\t<div class=\"elementor-element elementor-element-c0d6448 elementor-widget elementor-widget-image\" data-id=\"c0d6448\" data-element_type=\"widget\" data-widget_type=\"image.default\">\n\t\t\t\t<div class=\"elementor-widget-container\">\n\t\t\t\t\t\t\t\t\t\t\t\t<figure class=\"wp-caption\">\n\t\t\t\t\t\t\t\t\t\t\t<a href=\"https:\/\/api.whatsapp.com\/send?text=https:\/\/jhonherrera.mueblesyvitrinas.com\/\">\n\t\t\t\t\t\t\t<img decoding=\"async\" width=\"150\" height=\"150\" src=\"https:\/\/jhonherrera.mueblesyvitrinas.com\/wp-content\/uploads\/2025\/03\/share-150x150.png\" class=\"attachment-thumbnail size-thumbnail wp-image-40\" alt=\"\" srcset=\"https:\/\/jhonherrera.mueblesyvitrinas.com\/wp-content\/uploads\/2025\/03\/share-150x150.png 150w, https:\/\/jhonherrera.mueblesyvitrinas.com\/wp-content\/uploads\/2025\/03\/share-300x300.png 300w, https:\/\/jhonherrera.mueblesyvitrinas.com\/wp-content\/uploads\/2025\/03\/elementor\/thumbs\/share-r2rfr1ypttfjtwapekq62pvaizgoemy31rw8n2gx20.png 60w, https:\/\/jhonherrera.mueblesyvitrinas.com\/wp-content\/uploads\/2025\/03\/share.png 512w\" sizes=\"(max-width: 150px) 100vw, 150px\" \/>\t\t\t\t\t\t\t\t<\/a>\n\t\t\t\t\t\t\t\t\t\t\t<figcaption class=\"widget-image-caption wp-caption-text\">Comparte<\/figcaption>\n\t\t\t\t\t\t\t\t\t\t<\/figure>\n\t\t\t\t\t\t\t\t\t<\/div>\n\t\t\t\t<\/div>\n\t\t\t\t<div class=\"elementor-element elementor-element-4730fd5 elementor-widget elementor-widget-image\" data-id=\"4730fd5\" data-element_type=\"widget\" data-widget_type=\"image.default\">\n\t\t\t\t<div class=\"elementor-widget-container\">\n\t\t\t\t\t\t\t\t\t\t\t\t<figure class=\"wp-caption\">\n\t\t\t\t\t\t\t\t\t\t\t<a href=\"mailto:%20ventas@mueblesyvitrinas.com\">\n\t\t\t\t\t\t\t<img loading=\"lazy\" decoding=\"async\" width=\"150\" height=\"150\" src=\"https:\/\/jhonherrera.mueblesyvitrinas.com\/wp-content\/uploads\/2025\/03\/mail-150x150.png\" class=\"attachment-thumbnail size-thumbnail wp-image-44\" alt=\"\" srcset=\"https:\/\/jhonherrera.mueblesyvitrinas.com\/wp-content\/uploads\/2025\/03\/mail-150x150.png 150w, https:\/\/jhonherrera.mueblesyvitrinas.com\/wp-content\/uploads\/2025\/03\/mail-300x300.png 300w, https:\/\/jhonherrera.mueblesyvitrinas.com\/wp-content\/uploads\/2025\/03\/elementor\/thumbs\/mail-r2rfvfvlpzfq0dxbsgzhpm0qbpucbscznhht9jys0o.png 60w, https:\/\/jhonherrera.mueblesyvitrinas.com\/wp-content\/uploads\/2025\/03\/mail.png 512w\" sizes=\"(max-width: 150px) 100vw, 150px\" \/>\t\t\t\t\t\t\t\t<\/a>\n\t\t\t\t\t\t\t\t\t\t\t<figcaption class=\"widget-image-caption wp-caption-text\">E-Mail<\/figcaption>\n\t\t\t\t\t\t\t\t\t\t<\/figure>\n\t\t\t\t\t\t\t\t\t<\/div>\n\t\t\t\t<\/div>\n\t\t\t\t<\/div>\n\t\t\t\t<div class=\"elementor-element elementor-element-ef2c9e8 elementor-arrows-position-inside elementor-pagination-position-outside elementor-widget elementor-widget-image-carousel\" data-id=\"ef2c9e8\" data-element_type=\"widget\" data-settings=\"{&quot;navigation&quot;:&quot;both&quot;,&quot;autoplay&quot;:&quot;yes&quot;,&quot;pause_on_hover&quot;:&quot;yes&quot;,&quot;pause_on_interaction&quot;:&quot;yes&quot;,&quot;autoplay_speed&quot;:5000,&quot;infinite&quot;:&quot;yes&quot;,&quot;speed&quot;:500}\" data-widget_type=\"image-carousel.default\">\n\t\t\t\t<div class=\"elementor-widget-container\">\n\t\t\t\t\t\t\t<div class=\"elementor-image-carousel-wrapper swiper\" role=\"region\" aria-roledescription=\"carousel\" aria-label=\"Carrusel de im\u00e1genes\" dir=\"ltr\">\n\t\t\t<div class=\"elementor-image-carousel swiper-wrapper\" aria-live=\"off\">\n\t\t\t\t\t\t\t\t<div class=\"swiper-slide\" role=\"group\" aria-roledescription=\"slide\" aria-label=\"1 of 7\"><figure class=\"swiper-slide-inner\"><img decoding=\"async\" class=\"swiper-slide-image\" src=\"https:\/\/jhonherrera.mueblesyvitrinas.com\/wp-content\/uploads\/2025\/03\/11.png\" alt=\"1[1]\" \/><\/figure><\/div><div class=\"swiper-slide\" role=\"group\" aria-roledescription=\"slide\" aria-label=\"2 of 7\"><figure class=\"swiper-slide-inner\"><img decoding=\"async\" class=\"swiper-slide-image\" src=\"https:\/\/jhonherrera.mueblesyvitrinas.com\/wp-content\/uploads\/2025\/03\/21.png\" alt=\"2[1]\" \/><\/figure><\/div><div class=\"swiper-slide\" role=\"group\" aria-roledescription=\"slide\" aria-label=\"3 of 7\"><figure class=\"swiper-slide-inner\"><img decoding=\"async\" class=\"swiper-slide-image\" src=\"https:\/\/jhonherrera.mueblesyvitrinas.com\/wp-content\/uploads\/2025\/03\/31.png\" alt=\"3[1]\" \/><\/figure><\/div><div class=\"swiper-slide\" role=\"group\" aria-roledescription=\"slide\" aria-label=\"4 of 7\"><figure class=\"swiper-slide-inner\"><img decoding=\"async\" class=\"swiper-slide-image\" src=\"https:\/\/jhonherrera.mueblesyvitrinas.com\/wp-content\/uploads\/2025\/03\/41-1.png\" alt=\"4[1]\" \/><\/figure><\/div><div class=\"swiper-slide\" role=\"group\" aria-roledescription=\"slide\" aria-label=\"5 of 7\"><figure class=\"swiper-slide-inner\"><img decoding=\"async\" class=\"swiper-slide-image\" src=\"https:\/\/jhonherrera.mueblesyvitrinas.com\/wp-content\/uploads\/2025\/03\/51.png\" alt=\"5[1]\" \/><\/figure><\/div><div class=\"swiper-slide\" role=\"group\" aria-roledescription=\"slide\" aria-label=\"6 of 7\"><figure class=\"swiper-slide-inner\"><img decoding=\"async\" class=\"swiper-slide-image\" src=\"https:\/\/jhonherrera.mueblesyvitrinas.com\/wp-content\/uploads\/2025\/03\/61-1.png\" alt=\"6[1]\" \/><\/figure><\/div><div class=\"swiper-slide\" role=\"group\" aria-roledescription=\"slide\" aria-label=\"7 of 7\"><figure class=\"swiper-slide-inner\"><img decoding=\"async\" class=\"swiper-slide-image\" src=\"https:\/\/jhonherrera.mueblesyvitrinas.com\/wp-content\/uploads\/2025\/03\/71.png\" alt=\"7[1]\" \/><\/figure><\/div>\t\t\t<\/div>\n\t\t\t\t\t\t\t\t\t\t\t\t<div class=\"elementor-swiper-button elementor-swiper-button-prev\" role=\"button\" tabindex=\"0\">\n\t\t\t\t\t\t<svg aria-hidden=\"true\" class=\"e-font-icon-svg e-eicon-chevron-left\" viewBox=\"0 0 1000 1000\" xmlns=\"http:\/\/www.w3.org\/2000\/svg\"><path d=\"M646 125C629 125 613 133 604 142L308 442C296 454 292 471 292 487 292 504 296 521 308 533L604 854C617 867 629 875 646 875 663 875 679 871 692 858 704 846 713 829 713 812 713 796 708 779 692 767L438 487 692 225C700 217 708 204 708 187 708 171 704 154 692 142 675 129 663 125 646 125Z\"><\/path><\/svg>\t\t\t\t\t<\/div>\n\t\t\t\t\t<div class=\"elementor-swiper-button elementor-swiper-button-next\" role=\"button\" tabindex=\"0\">\n\t\t\t\t\t\t<svg aria-hidden=\"true\" class=\"e-font-icon-svg e-eicon-chevron-right\" viewBox=\"0 0 1000 1000\" xmlns=\"http:\/\/www.w3.org\/2000\/svg\"><path d=\"M696 533C708 521 713 504 713 487 713 471 708 454 696 446L400 146C388 133 375 125 354 125 338 125 325 129 313 142 300 154 292 171 292 187 292 204 296 221 308 233L563 492 304 771C292 783 288 800 288 817 288 833 296 850 308 863 321 871 338 875 354 875 371 875 388 867 400 854L696 533Z\"><\/path><\/svg>\t\t\t\t\t<\/div>\n\t\t\t\t\n\t\t\t\t\t\t\t\t\t<div class=\"swiper-pagination\"><\/div>\n\t\t\t\t\t\t\t\t\t<\/div>\n\t\t\t\t\t\t<\/div>\n\t\t\t\t<\/div>\n\t\t\t\t<div class=\"elementor-element elementor-element-4a94188 elementor-widget elementor-widget-text-editor\" data-id=\"4a94188\" data-element_type=\"widget\" data-widget_type=\"text-editor.default\">\n\t\t\t\t<div class=\"elementor-widget-container\">\n\t\t\t\t\t\t\t\t\t<h2><img loading=\"lazy\" decoding=\"async\" class=\"alignnone wp-image-36\" src=\"https:\/\/jhonherrera.mueblesyvitrinas.com\/wp-content\/uploads\/2025\/03\/whatsapp-1-1-300x300.png\" alt=\"\" width=\"40\" height=\"40\" srcset=\"https:\/\/jhonherrera.mueblesyvitrinas.com\/wp-content\/uploads\/2025\/03\/whatsapp-1-1-300x300.png 300w, https:\/\/jhonherrera.mueblesyvitrinas.com\/wp-content\/uploads\/2025\/03\/whatsapp-1-1-150x150.png 150w, https:\/\/jhonherrera.mueblesyvitrinas.com\/wp-content\/uploads\/2025\/03\/elementor\/thumbs\/whatsapp-1-1-r2rfoko1sk1b6xwew04lzuei3dot3e3l1hx41s5bh4.png 60w, https:\/\/jhonherrera.mueblesyvitrinas.com\/wp-content\/uploads\/2025\/03\/whatsapp-1-1.png 512w\" sizes=\"(max-width: 40px) 100vw, 40px\" \/> <a href=\"tel:3138538300\"><span class=\"elementor-icon-list-text\">3138538300<\/span><\/a><\/h2><h3><img loading=\"lazy\" decoding=\"async\" class=\"alignnone wp-image-93\" src=\"https:\/\/jhonherrera.mueblesyvitrinas.com\/wp-content\/uploads\/2025\/03\/web-300x300.png\" alt=\"\" width=\"40\" height=\"40\" srcset=\"https:\/\/jhonherrera.mueblesyvitrinas.com\/wp-content\/uploads\/2025\/03\/web-300x300.png 300w, https:\/\/jhonherrera.mueblesyvitrinas.com\/wp-content\/uploads\/2025\/03\/web-150x150.png 150w, https:\/\/jhonherrera.mueblesyvitrinas.com\/wp-content\/uploads\/2025\/03\/web.png 512w\" sizes=\"(max-width: 40px) 100vw, 40px\" \/> <a href=\"http:\/\/mueblesyvitrinas.com\/\">www.mueblesyvitrinas.com<\/a><\/h3>\t\t\t\t\t\t\t\t<\/div>\n\t\t\t\t<\/div>\n\t\t<div class=\"elementor-element elementor-element-75ebc08 e-con-full e-flex e-con e-child\" data-id=\"75ebc08\" data-element_type=\"container\">\n\t\t\t\t<div class=\"elementor-element elementor-element-4638e9f elementor-widget elementor-widget-image\" data-id=\"4638e9f\" data-element_type=\"widget\" data-widget_type=\"image.default\">\n\t\t\t\t<div class=\"elementor-widget-container\">\n\t\t\t\t\t\t\t\t\t\t\t\t\t\t\t<img loading=\"lazy\" decoding=\"async\" width=\"324\" height=\"329\" src=\"https:\/\/jhonherrera.mueblesyvitrinas.com\/wp-content\/uploads\/2025\/03\/qr-muebles-y-vitrinas.png\" class=\"attachment-large size-large wp-image-97\" alt=\"\" srcset=\"https:\/\/jhonherrera.mueblesyvitrinas.com\/wp-content\/uploads\/2025\/03\/qr-muebles-y-vitrinas.png 324w, https:\/\/jhonherrera.mueblesyvitrinas.com\/wp-content\/uploads\/2025\/03\/qr-muebles-y-vitrinas-295x300.png 295w\" sizes=\"(max-width: 324px) 100vw, 324px\" \/>\t\t\t\t\t\t\t\t\t\t\t\t\t\t\t<\/div>\n\t\t\t\t<\/div>\n\t\t\t\t<div class=\"elementor-element elementor-element-c0a588f elementor-mobile-align-center elementor-widget elementor-widget-button\" data-id=\"c0a588f\" data-element_type=\"widget\" data-widget_type=\"button.default\">\n\t\t\t\t<div class=\"elementor-widget-container\">\n\t\t\t\t\t\t\t\t\t<div class=\"elementor-button-wrapper\">\n\t\t\t\t\t<a class=\"elementor-button elementor-button-link elementor-size-sm\" href=\"https:\/\/jhonherrera.mueblesyvitrinas.com\/wp-content\/uploads\/2025\/03\/catalogo-vitriart.pdf\">\n\t\t\t\t\t\t<span class=\"elementor-button-content-wrapper\">\n\t\t\t\t\t\t\t\t\t<span class=\"elementor-button-text\">Descargar Cat\u00e1logo<\/span>\n\t\t\t\t\t<\/span>\n\t\t\t\t\t<\/a>\n\t\t\t\t<\/div>\n\t\t\t\t\t\t\t\t<\/div>\n\t\t\t\t<\/div>\n\t\t\t\t<div class=\"elementor-element elementor-element-be1d7dc elementor-widget elementor-widget-html\" data-id=\"be1d7dc\" data-element_type=\"widget\" data-widget_type=\"html.default\">\n\t\t\t\t<div class=\"elementor-widget-container\">\n\t\t\t\t\t<p style=\"padding-left: 25px;\"><input type=\"number\" id=\"wa-number\" onblur=\"setToWaUser()\" style=\"color:#000000\" class=\"form-control form-control-sm\" placeholder=\"Ingresar Aqui N\u00famero de whatsapp Para Enviar Catalogo\">\n                <a id=\"waSender\" title=\"WhatsApp Sender\" href=\"https:\/\/api.whatsapp.com\/send?phone=3&text=Nuestro portafolio de productos y servicios, Somos Fabricantes de Mobiliario para Exhibici\u00f3n , estanter\u00e1 comercial, Kioscos Comerciales, Equipos Para preparaci\u00f3n e comidas r\u00e1pidas, Mobiliario para el comercio en general, Guarda y comparte mi contacto en tu celular. %0A%0D%0A%0https:\/\/jhonherrera.mueblesyvitrinas.com\/\" target=\"_blank\" rel=\"noopener\" style=\"height:1.5rem\">\n            <i class=\"material-icons\" style=\"font-size: 1.2rem; margin: 0.2rem 0 0 0.3rem;\"><span style=\"color: #000000;\">Enviar contacto<\/span><\/i><\/a><\/p>\t\t\t\t<\/div>\n\t\t\t\t<\/div>\n\t\t\t\t<\/div>\n\t\t\t\t<\/div>\n\t\t\t\t\t<\/div>\n\t\t\t\t<\/div>\n\t\t<div class=\"elementor-element elementor-element-aae4d26 e-flex e-con-boxed e-con e-parent\" data-id=\"aae4d26\" data-element_type=\"container\">\n\t\t\t\t\t<div class=\"e-con-inner\">\n\t\t\t\t\t<\/div>\n\t\t\t\t<\/div>\n\t\t\t\t<\/div>\n\t\t","protected":false},"excerpt":{"rendered":"<p>JHON HERRERA Gerente Comercial Fabricaci\u00f3n de mobiliario,&nbsp; Trabajamos para grandes superficies precios especiales para licitaciones WhatsApp Comparte E-Mail 3138538300 www.mueblesyvitrinas.com Descargar Cat\u00e1logo Enviar contacto<\/p>\n","protected":false},"author":1,"featured_media":0,"parent":0,"menu_order":0,"comment_status":"closed","ping_status":"open","template":"elementor_header_footer","meta":{"footnotes":""},"class_list":["post-2","page","type-page","status-publish","hentry"],"_links":{"self":[{"href":"https:\/\/jhonherrera.mueblesyvitrinas.com\/index.php\/wp-json\/wp\/v2\/pages\/2","targetHints":{"allow":["GET"]}}],"collection":[{"href":"https:\/\/jhonherrera.mueblesyvitrinas.com\/index.php\/wp-json\/wp\/v2\/pages"}],"about":[{"href":"https:\/\/jhonherrera.mueblesyvitrinas.com\/index.php\/wp-json\/wp\/v2\/types\/page"}],"author":[{"embeddable":true,"href":"https:\/\/jhonherrera.mueblesyvitrinas.com\/index.php\/wp-json\/wp\/v2\/users\/1"}],"replies":[{"embeddable":true,"href":"https:\/\/jhonherrera.mueblesyvitrinas.com\/index.php\/wp-json\/wp\/v2\/comments?post=2"}],"version-history":[{"count":229,"href":"https:\/\/jhonherrera.mueblesyvitrinas.com\/index.php\/wp-json\/wp\/v2\/pages\/2\/revisions"}],"predecessor-version":[{"id":260,"href":"https:\/\/jhonherrera.mueblesyvitrinas.com\/index.php\/wp-json\/wp\/v2\/pages\/2\/revisions\/260"}],"wp:attachment":[{"href":"https:\/\/jhonherrera.mueblesyvitrinas.com\/index.php\/wp-json\/wp\/v2\/media?parent=2"}],"curies":[{"name":"wp","href":"https:\/\/api.w.org\/{rel}","templated":true}]}}